# MySQL dump of database 'bulli' on host 'localhost'
# backup date and time: 22.10.2016 09:16 Uhr
# built by phpMyBackupPro 2.5
# http://www.phpMyBackupPro.net

### used character set: utf8 ###
set names utf8;

CREATE DATABASE IF NOT EXISTS `bulli`;

USE `bulli`;


### structure of table `mrbs_area` ###

CREATE TABLE `mrbs_area` (
  `id` int(11) NOT NULL AUTO_INCREMENT,
  `disabled` tinyint(1) NOT NULL DEFAULT '0',
  `area_name` varchar(30) DEFAULT NULL,
  `timezone` varchar(50) DEFAULT NULL,
  `area_admin_email` text,
  `resolution` int(11) DEFAULT NULL,
  `default_duration` int(11) DEFAULT NULL,
  `default_duration_all_day` tinyint(1) NOT NULL DEFAULT '0',
  `morningstarts` int(11) DEFAULT NULL,
  `morningstarts_minutes` int(11) DEFAULT NULL,
  `eveningends` int(11) DEFAULT NULL,
  `eveningends_minutes` int(11) DEFAULT NULL,
  `private_enabled` tinyint(1) DEFAULT NULL,
  `private_default` tinyint(1) DEFAULT NULL,
  `private_mandatory` tinyint(1) DEFAULT NULL,
  `private_override` varchar(32) DEFAULT NULL,
  `min_create_ahead_enabled` tinyint(1) DEFAULT NULL,
  `min_create_ahead_secs` int(11) DEFAULT NULL,
  `max_create_ahead_enabled` tinyint(1) DEFAULT NULL,
  `max_create_ahead_secs` int(11) DEFAULT NULL,
  `min_delete_ahead_enabled` tinyint(1) DEFAULT NULL,
  `min_delete_ahead_secs` int(11) DEFAULT NULL,
  `max_delete_ahead_enabled` tinyint(1) DEFAULT NULL,
  `max_delete_ahead_secs` int(11) DEFAULT NULL,
  `max_per_day_enabled` tinyint(1) NOT NULL DEFAULT '0',
  `max_per_day` int(11) NOT NULL DEFAULT '0',
  `max_per_week_enabled` tinyint(1) NOT NULL DEFAULT '0',
  `max_per_week` int(11) NOT NULL DEFAULT '0',
  `max_per_month_enabled` tinyint(1) NOT NULL DEFAULT '0',
  `max_per_month` int(11) NOT NULL DEFAULT '0',
  `max_per_year_enabled` tinyint(1) NOT NULL DEFAULT '0',
  `max_per_year` int(11) NOT NULL DEFAULT '0',
  `max_per_future_enabled` tinyint(1) NOT NULL DEFAULT '0',
  `max_per_future` int(11) NOT NULL DEFAULT '0',
  `custom_html` text,
  `approval_enabled` tinyint(1) DEFAULT NULL,
  `reminders_enabled` tinyint(1) DEFAULT NULL,
  `enable_periods` tinyint(1) DEFAULT NULL,
  `confirmation_enabled` tinyint(1) DEFAULT NULL,
  `confirmed_default` tinyint(1) DEFAULT NULL,
  `max_duration_enabled` tinyint(1) NOT NULL DEFAULT '0',
  `max_duration_secs` int(11) NOT NULL DEFAULT '0',
  `max_duration_periods` int(11) NOT NULL DEFAULT '0',
  PRIMARY KEY (`id`),
  UNIQUE KEY `uq_area_name` (`area_name`)
) ENGINE=InnoDB AUTO_INCREMENT=2 DEFAULT CHARSET=utf8 AUTO_INCREMENT=2;


### data of table `mrbs_area` ###

insert into `mrbs_area` values ('1', '0', 'Bulli', 'Europe/Berlin', null, '1800', '3600', '0', '7', '30', '23', '30', '1', '1', '0', 'none', '0', '0', '0', '604800', '0', '0', '0', '604800', '0', '1', '0', '5', '0', '10', '0', '50', '0', '100', null, '1', '1', '0', '1', '1', '0', '7200', '2');


### structure of table `mrbs_room` ###

CREATE TABLE `mrbs_room` (
  `id` int(11) NOT NULL AUTO_INCREMENT,
  `disabled` tinyint(1) NOT NULL DEFAULT '0',
  `area_id` int(11) NOT NULL DEFAULT '0',
  `room_name` varchar(25) NOT NULL DEFAULT '',
  `sort_key` varchar(25) NOT NULL DEFAULT '',
  `description` varchar(60) DEFAULT NULL,
  `capacity` int(11) NOT NULL DEFAULT '0',
  `room_admin_email` text,
  `custom_html` text,
  PRIMARY KEY (`id`),
  UNIQUE KEY `uq_room_name` (`area_id`,`room_name`),
  KEY `idxSortKey` (`sort_key`),
  CONSTRAINT `mrbs_room_ibfk_1` FOREIGN KEY (`area_id`) REFERENCES `mrbs_area` (`id`) ON UPDATE CASCADE
) ENGINE=InnoDB AUTO_INCREMENT=3 DEFAULT CHARSET=utf8 AUTO_INCREMENT=3;


### data of table `mrbs_room` ###

insert into `mrbs_room` values ('1', '0', '1', 'Bulli', 'Bulli', 'Gemeindefahrzeug', '7', 'burkhard@bvenus.de', '');
insert into `mrbs_room` values ('2', '0', '1', 'Fahrer', 'Farer', 'Anfrage nach freiem Fahrer', '0', 'burkhard@bvenus.de, heiko.schmidt1@ewetel.net, dunjaberger@web.de, jens.beitelmann@t-online.de, diana.beitelmann@t-online.de, leckebusch@muenster.de', '');


### structure of table `mrbs_variables` ###

CREATE TABLE `mrbs_variables` (
  `id` int(11) NOT NULL AUTO_INCREMENT,
  `variable_name` varchar(80) DEFAULT NULL,
  `variable_content` text,
  PRIMARY KEY (`id`),
  UNIQUE KEY `uq_variable_name` (`variable_name`)
) ENGINE=InnoDB AUTO_INCREMENT=3 DEFAULT CHARSET=utf8 AUTO_INCREMENT=3;


### data of table `mrbs_variables` ###

insert into `mrbs_variables` values ('1', 'db_version', '47');
insert into `mrbs_variables` values ('2', 'local_db_version', '1');


### structure of table `mrbs_zoneinfo` ###

CREATE TABLE `mrbs_zoneinfo` (
  `id` int(11) NOT NULL AUTO_INCREMENT,
  `timezone` varchar(255) NOT NULL DEFAULT '',
  `outlook_compatible` tinyint(3) unsigned NOT NULL DEFAULT '0',
  `vtimezone` text,
  `last_updated` int(11) NOT NULL DEFAULT '0',
  PRIMARY KEY (`id`),
  UNIQUE KEY `uq_timezone` (`timezone`,`outlook_compatible`)
) ENGINE=InnoDB AUTO_INCREMENT=2 DEFAULT CHARSET=utf8 AUTO_INCREMENT=2;


### data of table `mrbs_zoneinfo` ###

insert into `mrbs_zoneinfo` values ('1', 'Europe/Berlin', '1', 'BEGIN:VTIMEZONE\r\nTZID:Europe/Berlin\r\nTZURL:http://tzurl.org/zoneinfo-outlook/Europe/Berlin\r\nX-LIC-LOCATION:Europe/Berlin\r\nBEGIN:DAYLIGHT\r\nTZOFFSETFROM:+0100\r\nTZOFFSETTO:+0200\r\nTZNAME:CEST\r\nDTSTART:19700329T020000\r\nRRULE:FREQ=YEARLY;BYMONTH=3;BYDAY=-1SU\r\nEND:DAYLIGHT\r\nBEGIN:STANDARD\r\nTZOFFSETFROM:+0200\r\nTZOFFSETTO:+0100\r\nTZNAME:CET\r\nDTSTART:19701025T030000\r\nRRULE:FREQ=YEARLY;BYMONTH=10;BYDAY=-1SU\r\nEND:STANDARD\r\nEND:VTIMEZONE', '1474550542');


### structure of table `mrbs_repeat` ###

CREATE TABLE `mrbs_repeat` (
  `id` int(11) NOT NULL AUTO_INCREMENT,
  `start_time` int(11) NOT NULL DEFAULT '0',
  `end_time` int(11) NOT NULL DEFAULT '0',
  `rep_type` int(11) NOT NULL DEFAULT '0',
  `end_date` int(11) NOT NULL DEFAULT '0',
  `rep_opt` varchar(32) NOT NULL DEFAULT '',
  `room_id` int(11) NOT NULL DEFAULT '1',
  `timestamp` timestamp NOT NULL DEFAULT CURRENT_TIMESTAMP ON UPDATE CURRENT_TIMESTAMP,
  `create_by` varchar(80) NOT NULL DEFAULT '',
  `modified_by` varchar(80) NOT NULL DEFAULT '',
  `name` varchar(80) NOT NULL DEFAULT '',
  `type` char(1) NOT NULL DEFAULT 'E',
  `description` text,
  `rep_num_weeks` smallint(6) DEFAULT NULL,
  `month_absolute` smallint(6) DEFAULT NULL,
  `month_relative` varchar(4) DEFAULT NULL,
  `status` tinyint(3) unsigned NOT NULL DEFAULT '0',
  `reminded` int(11) DEFAULT NULL,
  `info_time` int(11) DEFAULT NULL,
  `info_user` varchar(80) DEFAULT NULL,
  `info_text` text,
  `ical_uid` varchar(255) NOT NULL DEFAULT '',
  `ical_sequence` smallint(6) NOT NULL DEFAULT '0',
  `room_admin_email` text,
  `Kaffee` tinyint(1) DEFAULT NULL,
  PRIMARY KEY (`id`),
  KEY `room_id` (`room_id`),
  CONSTRAINT `mrbs_repeat_ibfk_1` FOREIGN KEY (`room_id`) REFERENCES `mrbs_room` (`id`) ON UPDATE CASCADE
) ENGINE=InnoDB AUTO_INCREMENT=3 DEFAULT CHARSET=utf8 AUTO_INCREMENT=3;


### data of table `mrbs_repeat` ###

insert into `mrbs_repeat` values ('1', '1448956800', '1448965800', '2', '1456819200', '0010000', '1', '2015-11-28 11:26:10', 'b.venus', '', 'Einkaufen mit Senioren', 'I', 'Einkaufen mit Senioren oder nicht mobilen Personen.\r\nVon Haus zu Haus.', '2', null, null, '4', null, null, null, null, 'MRBS-56597332bed0e-67c70331@katharinavbora.ddns.net', '0', '', null);
insert into `mrbs_repeat` values ('2', '1448956800', '1448965800', '2', '1456819200', '0010000', '2', '2015-11-28 11:26:15', 'b.venus', '', 'Einkaufen mit Senioren', 'I', 'Einkaufen mit Senioren oder nicht mobilen Personen.\r\nVon Haus zu Haus.', '2', null, null, '4', null, null, null, null, 'MRBS-565973376fe0e-e572f760@katharinavbora.ddns.net', '0', '', null);


### structure of table `mrbs_entry` ###

CREATE TABLE `mrbs_entry` (
  `id` int(11) NOT NULL AUTO_INCREMENT,
  `start_time` int(11) NOT NULL DEFAULT '0',
  `end_time` int(11) NOT NULL DEFAULT '0',
  `entry_type` int(11) NOT NULL DEFAULT '0',
  `repeat_id` int(11) DEFAULT NULL,
  `room_id` int(11) NOT NULL DEFAULT '1',
  `timestamp` timestamp NOT NULL DEFAULT CURRENT_TIMESTAMP ON UPDATE CURRENT_TIMESTAMP,
  `create_by` varchar(80) NOT NULL DEFAULT '',
  `modified_by` varchar(80) NOT NULL DEFAULT '',
  `name` varchar(80) NOT NULL DEFAULT '',
  `type` char(1) NOT NULL DEFAULT 'E',
  `description` text,
  `status` tinyint(3) unsigned NOT NULL DEFAULT '0',
  `reminded` int(11) DEFAULT NULL,
  `info_time` int(11) DEFAULT NULL,
  `info_user` varchar(80) DEFAULT NULL,
  `info_text` text,
  `ical_uid` varchar(255) NOT NULL DEFAULT '',
  `ical_sequence` smallint(6) NOT NULL DEFAULT '0',
  `ical_recur_id` varchar(16) DEFAULT NULL,
  `room_admin_email` text,
  PRIMARY KEY (`id`),
  KEY `idxStartTime` (`start_time`),
  KEY `idxEndTime` (`end_time`),
  KEY `room_id` (`room_id`),
  KEY `repeat_id` (`repeat_id`),
  CONSTRAINT `mrbs_entry_ibfk_1` FOREIGN KEY (`room_id`) REFERENCES `mrbs_room` (`id`) ON UPDATE CASCADE,
  CONSTRAINT `mrbs_entry_ibfk_2` FOREIGN KEY (`repeat_id`) REFERENCES `mrbs_repeat` (`id`) ON DELETE CASCADE ON UPDATE CASCADE
) ENGINE=InnoDB AUTO_INCREMENT=105 DEFAULT CHARSET=utf8 AUTO_INCREMENT=105;


### data of table `mrbs_entry` ###

insert into `mrbs_entry` values ('4', '1448460000', '1448476200', '0', null, '1', '2015-11-26 23:13:24', 'burkhard', 'burkhard test', 'Besorgungen für Weihnachtsmarkt Venus', 'I', '', '1', null, null, null, null, 'MRBS-5656ce523181d-3e004cd9@katharinavbora.ddns.net', '3', '', 'burkhard@bvenus.de');
insert into `mrbs_entry` values ('39', '1452585600', '1452594600', '1', '1', '1', '2015-11-28 11:26:11', 'b.venus', '', 'Einkaufen mit Senioren', 'I', 'Einkaufen mit Senioren oder nicht mobilen Personen.\r\nVon Haus zu Haus.', '4', null, null, null, null, 'MRBS-56597332bed0e-67c70331@katharinavbora.ddns.net', '0', '20160112T080000Z', '');
insert into `mrbs_entry` values ('40', '1453795200', '1453804200', '1', '1', '1', '2015-11-28 11:26:11', 'b.venus', '', 'Einkaufen mit Senioren', 'I', 'Einkaufen mit Senioren oder nicht mobilen Personen.\r\nVon Haus zu Haus.', '4', null, null, null, null, 'MRBS-56597332bed0e-67c70331@katharinavbora.ddns.net', '0', '20160126T080000Z', '');
insert into `mrbs_entry` values ('41', '1455004800', '1455013800', '1', '1', '1', '2015-11-28 11:26:11', 'b.venus', '', 'Einkaufen mit Senioren', 'I', 'Einkaufen mit Senioren oder nicht mobilen Personen.\r\nVon Haus zu Haus.', '4', null, null, null, null, 'MRBS-56597332bed0e-67c70331@katharinavbora.ddns.net', '0', '20160209T080000Z', '');
insert into `mrbs_entry` values ('42', '1456214400', '1456223400', '1', '1', '1', '2015-11-28 11:26:11', 'b.venus', '', 'Einkaufen mit Senioren', 'I', 'Einkaufen mit Senioren oder nicht mobilen Personen.\r\nVon Haus zu Haus.', '4', null, null, null, null, 'MRBS-56597332bed0e-67c70331@katharinavbora.ddns.net', '0', '20160223T080000Z', '');
insert into `mrbs_entry` values ('46', '1452585600', '1452594600', '1', '2', '2', '2015-11-28 11:26:15', 'b.venus', '', 'Einkaufen mit Senioren', 'I', 'Einkaufen mit Senioren oder nicht mobilen Personen.\r\nVon Haus zu Haus.', '4', null, null, null, null, 'MRBS-565973376fe0e-e572f760@katharinavbora.ddns.net', '0', '20160112T080000Z', '');
insert into `mrbs_entry` values ('47', '1453795200', '1453804200', '1', '2', '2', '2015-11-28 11:26:16', 'b.venus', '', 'Einkaufen mit Senioren', 'I', 'Einkaufen mit Senioren oder nicht mobilen Personen.\r\nVon Haus zu Haus.', '4', null, null, null, null, 'MRBS-565973376fe0e-e572f760@katharinavbora.ddns.net', '0', '20160126T080000Z', '');
insert into `mrbs_entry` values ('48', '1455004800', '1455013800', '1', '2', '2', '2015-11-28 11:26:16', 'b.venus', '', 'Einkaufen mit Senioren', 'I', 'Einkaufen mit Senioren oder nicht mobilen Personen.\r\nVon Haus zu Haus.', '4', null, null, null, null, 'MRBS-565973376fe0e-e572f760@katharinavbora.ddns.net', '0', '20160209T080000Z', '');
insert into `mrbs_entry` values ('49', '1456214400', '1456223400', '1', '2', '2', '2015-11-28 11:26:16', 'b.venus', '', 'Einkaufen mit Senioren', 'I', 'Einkaufen mit Senioren oder nicht mobilen Personen.\r\nVon Haus zu Haus.', '4', null, null, null, null, 'MRBS-565973376fe0e-e572f760@katharinavbora.ddns.net', '0', '20160223T080000Z', '');
insert into `mrbs_entry` values ('51', '1451809800', '1451818800', '0', null, '1', '2016-01-03 00:47:42', 'b.venus', '', 'Gottesdienst-Fahrdienst', 'I', '', '1', null, null, null, null, 'MRBS-5688538e978f4-a018684f@katharinavbora.ddns.net', '0', null, '');
insert into `mrbs_entry` values ('70', '1452681000', '1452684600', '0', null, '1', '2016-01-13 22:15:55', 'b.venus', '', 'Mail test an Burkhard', 'I', '', '1', null, null, null, null, 'MRBS-5696be8af1955-e71b3467@79.202.9.104', '0', null, '');
insert into `mrbs_entry` values ('74', '1452603600', '1452607200', '0', null, '2', '2016-01-14 14:54:00', 'b.venus i.a.', 'b.venus i.a.', 'Beispieltermin für Herrn Beitelmann', 'I', 'Genehmigung bitte nur durch Herrn Beitelmann!', '3', null, null, null, null, 'MRBS-568fb209677f1-555cd165@katharinavbora.ddns.net', '6', '', '');
insert into `mrbs_entry` values ('75', '1452607200', '1452610800', '0', null, '2', '2016-01-14 14:54:35', 'b.venus i.a.', 'b.venus i.a.', 'Beispieltermin für Frau Beitelmann', 'I', 'Genehmigung bitte nur durch Frau Beitelmann!', '7', null, null, null, null, 'MRBS-568fb22d32ef6-4f02b9a0@katharinavbora.ddns.net', '2', '', '');
insert into `mrbs_entry` values ('76', '1452610800', '1452614400', '0', null, '2', '2016-01-15 10:02:02', 'b.venus i.a.', 'b.venus i.a.', 'Beispieltermin für Frau Leckebusch', 'I', 'Genehmigung bitte nur durch Frau Leckebusch!', '5', null, null, null, null, 'MRBS-568fb253c34d2-fa72b13e@katharinavbora.ddns.net', '3', '', '');
insert into `mrbs_entry` values ('77', '1451809800', '1451818800', '0', null, '2', '2016-01-14 15:02:06', 'b.venus i.a.', 'b.venus i.a.', 'Beispieltermin für Frau Berger', 'I', '', '1', null, null, null, null, 'MRBS-568853e4a974d-45140b7a@katharinavbora.ddns.net', '2', '', '');
insert into `mrbs_entry` values ('78', '1455881400', '1455883200', '0', null, '1', '2016-02-16 14:25:17', 'b.venus i.a.', '', 'Essen bei der Lebenshilfe abholen', 'I', 'Essen bei der Lebenshilfe am Großen Stein abholen und in den Kühlschrank der Suppenküche stellen.\r\n\r\nWer den Termin übernehmen möchte, bitte den Termin genehmigen. Ich selbst muss leider arbeiten.', '1', null, null, null, null, 'MRBS-56c32315605ea-e8e0bb43@katharinavbora.ddns.net', '1', null, '');
insert into `mrbs_entry` values ('79', '1455881400', '1455883200', '0', null, '2', '2016-02-17 11:07:06', 'b.venus i.a.', '', 'Essen bei der Lebenshilfe abholen', 'I', 'Essen bei der Lebenshilfe am Großen Stein abholen und in den Kühlschrank der Suppenküche stellen.\r\n\r\nWer den Termin übernehmen möchte, bitte den Termin genehmigen. Ich selbst muss leider arbeiten.', '1', null, null, null, null, 'MRBS-56c323189de43-d4553981@katharinavbora.ddns.net', '1', null, '');
insert into `mrbs_entry` values ('80', '1456486200', '1456488000', '0', null, '1', '2016-02-25 14:56:38', 'b.venus i.a.', '', 'Essen bei der Lebenshilfe abholen', 'I', 'Essen bei der Lebenshilfe am Großen Stein abholen und in den Kühlschrank der Suppenküche stellen.\r\n\r\nWer den Termin übernehmen möchte, bitte den Termin genehmigen. \r\nFür Deteils ggf. Frau Löhr 0491-14866 ansprechen.', '1', null, null, null, null, 'MRBS-56c602bf03f92-c461c4d8@katharinavbora.ddns.net', '1', null, '');
insert into `mrbs_entry` values ('82', '1456486200', '1456488000', '0', null, '2', '2016-02-25 14:58:48', 'b.venus i.a.', 'b.venus', 'Essen bei der Lebenshilfe abholen. Frau Leckebusch übernimmt.', 'I', 'Essen bei der Lebenshilfe am Großen Stein abholen und in den Kühlschrank der Suppenküche stellen.\r\n\r\nWer den Termin übernehmen möchte, bitte den Termin genehmigen. \r\nFür Deteils ggf. Frau Löhr 0491-14866 ansprechen.', '1', null, null, null, null, 'MRBS-56c602c33f5ac-f7e82bae@katharinavbora.ddns.net', '2', '', '');
insert into `mrbs_entry` values ('83', '1457091000', '1457092800', '0', null, '1', '2016-02-27 14:39:51', 'b.venus i.a.', '', 'Essen bei der Lebenshilfe abholen', 'I', 'Essen bei der Lebenshilfe am Großen Stein abholen und in den Kühlschrank der Suppenküche stellen.\r\n\r\nWer den Termin übernehmen möchte, bitte den Termin genehmigen. \r\nFür Deteils ggf. Frau Löhr 0491-14866 ansprechen.', '1', null, null, null, null, 'MRBS-56d1a6f327f29-3dde8a3e@katharinavbora.ddns.net', '1', null, '');
insert into `mrbs_entry` values ('85', '1457091000', '1457092800', '0', null, '2', '2016-03-04 10:12:00', 'b.venus i.a.', 'b.venus', 'Essen bei der Lebenshilfe abholen Frau Berger übernimmt', 'I', 'Essen bei der Lebenshilfe am Großen Stein abholen und in den Kühlschrank der Suppenküche stellen.\r\n\r\nWer den Termin übernehmen möchte, bitte den Termin genehmigen. \r\nFür Deteils ggf. Frau Löhr 0491-14866 ansprechen.', '1', null, null, null, null, 'MRBS-56d1a6f63e8b6-1bca8b2e@katharinavbora.ddns.net', '2', '', '');
insert into `mrbs_entry` values ('86', '1458298800', '1458300600', '0', null, '1', '2016-03-16 09:43:29', 'b.venus', '', 'Essen bei der Lebenshilfe abholen', 'I', 'Essen bei der Lebenshilfe am Großen Stein abholen und in den Kühlschrank der Suppenküche stellen.\r\n\r\nWer den Termin übernehmen möchte, bitte den Termin genehmigen. \r\nFür Deteils ggf. Frau Löhr 0491-14866 ansprechen.', '1', null, null, null, null, 'MRBS-56e91cb112505-616fa4da@katharinavbora.ddns.net', '0', null, '');
insert into `mrbs_entry` values ('87', '1458817200', '1458819000', '0', null, '1', '2016-03-16 09:44:04', 'b.venus', '', 'Essen bei der Lebenshilfe abholen', 'I', 'Essen bei der Lebenshilfe am Großen Stein abholen und in den Kühlschrank der Suppenküche stellen.\r\n\r\nWer den Termin übernehmen möchte, bitte den Termin genehmigen. \r\nFür Deteils ggf. Frau Löhr 0491-14866 ansprechen.', '1', null, null, null, null, 'MRBS-56e91cd42d2f0-a5089f4a@katharinavbora.ddns.net', '0', null, '');
insert into `mrbs_entry` values ('89', '1458817200', '1458819000', '0', null, '2', '2016-03-31 18:56:46', 'b.venus i.a.', '', 'Essen bei der Lebenshilfe abholen.', 'I', 'Essen bei der Lebenshilfe am Großen Stein abholen und in den Kühlschrank der Suppenküche stellen.\r\n\r\nWer den Termin übernehmen möchte, bitte den Termin genehmigen. \r\nFür Deteils ggf. Frau Löhr 0491-14866 ansprechen.', '1', null, null, null, null, 'MRBS-56e91d69135b9-f799e702@katharinavbora.ddns.net', '1', null, '');
insert into `mrbs_entry` values ('91', '1458298800', '1458300600', '0', null, '2', '2016-03-16 09:56:32', 'b.venus i.a.', 'b.venus', 'Essen bei der Lebenshilfe abholen. Frau Berger übernimt.', 'I', 'Essen bei der Lebenshilfe am Großen Stein abholen und in den Kühlschrank der Suppenküche stellen.\r\n\r\nWer den Termin übernehmen möchte, bitte den Termin genehmigen. \r\nFür Deteils ggf. Frau Löhr 0491-14866 ansprechen.', '1', null, null, null, null, 'MRBS-56e91d3f08f27-d2d6773e@katharinavbora.ddns.net', '3', '', '');
insert into `mrbs_entry` values ('92', '1459504800', '1459506600', '0', null, '1', '2016-03-31 18:56:19', 'b.venus', '', 'Essen bei der Lebenshilfe abholen Frau Berger fährt', 'I', 'Essen bei der Lebenshilfe am Großen Stein abholen und in den Kühlschrank der Suppenküche stellen.\r\n\r\nWer den Termin übernehmen möchte, bitte den Termin genehmigen. \r\nFür Deteils ggf. Frau Löhr 0491-14866 ansprechen.', '1', null, null, null, null, 'MRBS-56fd56b3b94ef-0d59ae3e@katharinavbora.ddns.net', '0', null, '');
insert into `mrbs_entry` values ('93', '1459504800', '1459506600', '0', null, '2', '2016-03-31 18:56:23', 'b.venus', '', 'Essen bei der Lebenshilfe abholen Frau Berger fährt', 'I', 'Essen bei der Lebenshilfe am Großen Stein abholen und in den Kühlschrank der Suppenküche stellen.\r\n\r\nWer den Termin übernehmen möchte, bitte den Termin genehmigen. \r\nFür Deteils ggf. Frau Löhr 0491-14866 ansprechen.', '1', null, null, null, null, 'MRBS-56fd56b7ebe68-51f78419@katharinavbora.ddns.net', '0', null, '');
insert into `mrbs_entry` values ('94', '1464499800', '1464991200', '0', null, '1', '2016-04-04 21:49:14', 'b.venus', '', 'Vermietung an Lutherkirche', 'E', '', '5', null, null, null, null, 'MRBS-5702c53a291fa-52f400aa@katharinavbora.ddns.net', '0', null, '');
insert into `mrbs_entry` values ('95', '1462185000', '1462194000', '0', null, '1', '2016-04-29 14:04:40', 'b.venus', '', 'Einkaufen für MGH', 'I', '', '1', null, null, null, null, 'MRBS-57234dd861818-58cc1645@katharinavbora.ddns.net', '0', null, '');
insert into `mrbs_entry` values ('96', '1463130000', '1463139000', '0', null, '1', '2016-04-29 14:05:38', 'b.venus', '', 'Essen holen für Suppenküche', 'I', '', '1', null, null, null, null, 'MRBS-57234e1209818-6888a8d9@katharinavbora.ddns.net', '0', null, '');
insert into `mrbs_entry` values ('99', '1471671000', '1471730400', '0', null, '1', '2016-08-23 13:16:11', 'b.venus', '', 'Venus Privat', 'E', '', '1', null, null, null, null, 'MRBS-57bc307b482ec-5bb91dca@192.168.2.114', '0', null, '');
insert into `mrbs_entry` values ('101', '1471066200', '1471125600', '0', null, '1', '2016-08-23 17:56:11', 'b.venus', '', 'Familie Voogd', 'E', '', '1', null, null, null, null, 'MRBS-57bc721baa894-56e7ad16@mgh-leer.de', '0', null, '');
insert into `mrbs_entry` values ('102', '1472148000', '1472400000', '0', null, '1', '2016-08-26 09:55:05', 'b.venus', 'b.venus', 'Pastor Herbold Lutherkirche', 'E', '', '1', null, null, null, null, 'MRBS-57bc30ba71a6f-f6416875@192.168.2.114', '1', '', '');
insert into `mrbs_entry` values ('103', '1474608600', '1474668000', '0', null, '1', '2016-09-22 15:24:04', 'johann', '', 'messe', 'I', '9.00bis 2o.oo\r\nMesse', '1', null, null, null, null, 'MRBS-57e3db7417b56-8f06b785@mgh-leer.de', '0', null, '');
